*2 - m + 1. Let k(q) = -q - 17. Suppose -2*x + 5*g - 41 = 0, 2*x = g + 2*g - 39. Let d be k(x). Is u(d) prime?
False
Let z(l) = 5*l**3 - 4*l**2 - 6*l + 679. Let w(j) = -13*j**3 + 11*j**2 + 16*j - 2037. Let o(x) = -3*w(x) - 8*z(x). Let k be 0*(1 + 1 + -1). Is o(k) composite?
True
Let h be 5 + (-9)/(2 + 1). Suppose -h*s = -0*s - d + 20, 5*s = -3*d - 39. Is 6/4*(29 - s) prime?
False
Is (-1578192)/(-61) - (-1 + 0) composite?
False
Suppose -158*r - 12797530 = -16615224 - 20994152. Is r a composite number?
False
Let s(f) = 7484*f**2 + 138*f + 1183. Is s(-9) composite?
True
Let c(h) = 3*h - 40. Let t be c(14). Suppose 5782 = t*d + 2*o + 2*o, d - 3*o - 2906 = 0. Is d a composite number?
False
Suppose -15*y = 445043 - 2922231 - 24317. Is y a composite number?
True
Let o(n) = 19*n**2 - n + 19. Let s = -191 + 199. Is o(s) prime?
False
Let x(u) be the first derivative of -u**4/4 + 20*u**3/3 + 2*u - 6. Let y be x(20). Is ((-5)/(-15))/(y/222) composite?
False
Suppose 129675 = b + 6*d - 10*d, 5*b - 4*d - 648503 = 0. Is b composite?
False
Let b = -83814 - -144817. Is b a composite number?
True
Let u(y) = 63560*y**2 + 163*y - 488. Is u(3) a composite number?
False
Let g(j) = 107*j**2 + 15*j - 47. Let c be g(14). Suppose c = -7*h + 22*h. Is h prime?
True
Let x(z) = -183*z**2 - 13*z - 5. Let f(d) = 185*d**2 + 14*d + 6. Let l(a) = -4*f(a) - 5*x(a). Is l(5) a prime number?
True
Suppose r - 36266 = -3*s, 5*s - 2*r = -17780 + 78216. Suppose -386*u + 382*u = 0. Suppose -9*l + l + s = u. Is l a composite number?
False
Is 3/(-48)*-8 - (-575829)/18 composite?
False
Suppose 0 = -86*o + 82*o + 53720. Let y = 1703 + o. Is y prime?
False
Let h(d) = -d**2 - 6*d + 7. Let i(s) = -s**3 + s - 7. Let g be i(0). Let w be h(g). Is (1733 - 0)*(1 - w) a composite number?
False
Suppose 6*z = -4*p + 8*z + 269524, -p - 2*z + 67376 = 0. Suppose -p = -14*t + 10*t - 2*q, -67376 = -4*t - 3*q. Is t prime?
False
Let k(t) = t**2 - 9*t - 12. Let b(m) = -m**2 - 26*m + 65. Let d be b(-28). Let j be k(d). Is (-78)/4*j/30*5 composite?
True
Let m = -77279 - -208660. Is m prime?
True
Suppose 4*t + 2*r = 1592192, 2*t + 4*r - 709548 = 86530. Is t a prime number?
False
Let a(x) = -9835*x + 2076. Is a(-5) composite?
True
Suppose -5*k = 3*q + 36475, 5*k - q = k - 29163. Let f = k + 15433. Is f a prime number?
False
Let a = 115060 + -57701. Is a a composite number?
True
Suppose -10*j = -7*j + 13*j. Suppose j = -v - 2*v + 2*b - 4284, -4*b - 4284 = 3*v. Let n = v + 2335. Is n a prime number?
True
Let a be (-1)/((8/3)/8). Let t(z) = -z**2 - 11*z + 8. Let g be t(-10). Is g/12*(-254)/a a prime number?
True
Suppose 12*p = 86166 + 45366. Is p a prime number?
False
Is 2183/111*167*3 a prime number?
False
Let k(s) = -s**2 - 16*s - 56. Let c be k(-7). Suppose c*i = 935 + 12974. Is i a prime number?
True
Suppose 23091 = -58*j + 935446 + 3881403. Is j a prime number?
True
Suppose 0 = -7*o + 10*o + 1896. Let g = o - -1453. Is g a composite number?
False
Suppose -3*l = -4*u - 7 - 0, 5*u + l - 15 = 0. Let z be 14212/51 + u/6. Suppose -47 = -2*g + z. Is g prime?
True
Suppose 106*k - 57*k = 5526367. Is k a prime number?
False
Suppose -3*p - 5*d = -124992, -2*p - 4*d + 5*d = -83341. Is p a prime number?
True
Let c(l) = -34*l**2 - 37*l + 16. Let y(u) = -11*u**2 - 12*u + 5. Let z(n) = -n**2 - 24*n + 2. Let o be z(-24). Let j(i) = o*c(i) - 7*y(i). Is j(10) prime?
True
Suppose -3*w = -h + 13232, 15*w + 3 = 16*w. Is h a prime number?
True
Suppose -3*a + 3*x = -428067, -3*a = 55*x - 54*x - 428099. Is a prime?
True
Suppose 0 = -2*x + 20 - 12. Suppose -r = -5*h - 6*r + 3665, x = -r. Is h composite?
True
Suppose 0 = -6*c - 0*c + 11*c. Suppose t + 2797 = g - 3165, 3*g - 5*t - 17896 = c. Suppose 1028 = 5*o - g. Is o composite?
True
Let v(w) be the third derivative of -149*w**6/120 + w**5/10 + w**4/8 + w**3/6 + 2*w**2 - 17*w. Is v(-2) prime?
False
Let w = 207 + -110. Let p be 3 - 3/(1/3*3). Suppose w = h - p*h. Is h prime?
True
Let t(r) = r**2 - 4*r - 20. Let d be t(7). Is -2*(-15956)/(-4)*d/(-2) a composite number?
False
Let l be (-3 - 29)/2*(-4)/8. Let f(s) = l*s**2 - s**3 + s + 2*s**3 + 4*s + s**2 + 11. Is f(-6) prime?
True
Let c(s) = -2*s - 44. Let h be c(-24). Let t be 3 - h/16*0. Suppose 227 + 15 = y + t*l, -4*y + 3*l = -1013. Is y prime?
True
Suppose -82381 = -4*p + 102967. Is p a composite number?
False
Suppose -20*v + 77648 = -93196 - 598976. Is v a prime number?
False
Suppose 0 = -118*d + 115*d + 4*h + 84621, 5*d + 5*h = 141070. Is d prime?
True
Suppose 20 = 3*j - 19. Is (29048/(-32) - j)/(1/(-4)) a composite number?
True
Let x(l) = 6*l + 7. Suppose 15 = -5*p - 0. Let a be (2 - (1 - 5)) + p. Is x(a) a composite number?
True
Suppose 9*o + 2241 + 279 = 0. Let f = o + 702. Is f a composite number?
True
Let h(c) = -3*c**2 - 23*c + 12. Let s be h(-8). Suppose 0 = s*f - 5*u - 9123, 10*u - 2312 = -f + 5*u. Is f prime?
True
Let o(w) = 834*w - 77. Let c(p) = -834*p + 77. Let u(v) = -4*c(v) - 5*o(v). Is u(-3) a composite number?
False
Let a(y) = 65*y**2 + y + 1. Let l be a(-1). Suppose g + 6039 = 5*t, -61*t + l*t - 2*g - 4836 = 0. Is t composite?
True
Suppose 2244 = 15*c - 13*c. Suppose -14*f - c = -8*f. Let a = f + 392. Is a prime?
False
Suppose -f + 4*f = 5*b - 15426, -2*b = f - 6166. Suppose -4*a - b = -16*a. Is a a composite number?
False
Suppose 5*m + 874 = -r + 54785, 2*m = r - 53897. Suppose -r - 244480 = -29*f. Is f prime?
True
Suppose 70 = n + 69, c = -n + 29. Is ((-8)/12)/((c/62922)/(-7)) prime?
True
Suppose -272*h + 284*h - 413052 = 0. Is h a prime number?
True
Let r(b) = 40531*b**2 - 67*b - 179. Is r(-3) composite?
False
Let d(z) = 30*z**2 - z - 797. Is d(-16) a composite number?
False
Let f be ((-2)/(-2)*-1)/((-61)/(-305)). Let g be (8514/15 - -2) + 3/f. Let l = g + 222. Is l composite?
True
Let i(t) = t**2 - 7*t + 7. Let n be i(4). Let h(a) = a**3 - 3*a**2 - 6*a + 2. Let c be h(n). Is 3825/2 - -1 - c/112 composite?
True
Suppose -16*y + 20*y = 4508. Suppose 0 = 4*k - 109 - y. Let p = k + -218. Is p a composite number?
True
Let w(i) = -i + 7. Let n be w(-13). Let c be 68/n + (-6)/(-10). Suppose 0 = 3*t - 0*t - c*z - 3961, 2*t = 4*z + 2646. Is t prime?
False
Let w be 7 + (-1005)/(-20) - (-2)/(-8). Is w/95 - 34544/(-10) prime?
False
Let g be (2 + -1)*(415/(-1))/5. Let k = g + 77. Is k*2/(-3)*142/8 composite?
False
Suppose 4*b + 119810 = 2*f, -5*b + 6*b = 2*f - 119798. Is f composite?
True
Suppose 0 = 6*l + 4*l - l. Suppose 18*q + 11082 - 48216 = l. Is q a prime number?
True
Suppose 4*i + 3*r + 196 = -996, 0 = r - 4. Let v = -1116 + 598. Let u = i - v. Is u prime?
False
Let d(v) = -v**3 - 120*v**2 - 684*v + 212. Is d(-119) prime?
True
Let x = -213 + 217. Suppose 296 + 876 = x*o. Is o composite?
False
Let z(t) = -t**3 + 6*t**2 - 2*t - 4. Let b be z(2). Suppose 0 = 7*n - b*n + 878. Is n composite?
True
Let w = 6334189 - 3258182. Is w composite?
True
Suppose -4*v - 3*b + 1556209 = 0, 1077224 = 3*v - 3*b - 89938. Is v a composite number?
True
Let m = -10369 - -16148. Is m a composite number?
False
Let w be 2/(-18) - (5 + (-508686)/54). Suppose -w = -t - 2196. Is t composite?
False
Suppose -4*f + 5*j + 171893 = 0, -5*j + 171923 = -2*f + 6*f. Is f composite?
True
Is (1 - -35420) + 4*63/(-36) a prime number?
False
Let a(l) be the third derivative of 5*l**5/12 + 29*l**4/24 - 11*l**3/6 - l**2 - 10. Is a(-10) a prime number?
False
Suppose s + 441 - 4100 = 0. Suppose 0 = -2*q - s + 12901. Is q prime?
True
Let w be 1*5 - (4 - (13 + -8)). Suppose -2*q = s - 2081, -w*s - 3*q = -5*s - 2081. Is s composite?
False
Let l be 7/(-21) + (-52)/(-12) + 10716. Suppose 2*p = 5*p - 2*b - 32175, -p + l = b. Is p composite?
False
Suppose 0 = -53*b + 57*b + 1780. Let j = b - -677. Let i = -83 + j. Is i prime?
True
Let f be 23635/2*36/(-15). Let s = f - -50669. Is s a prime number?
True
Is (77299/2)/((-34)/(-4) - (-680)/(-85)) composite?
True
Let m(k) = -k**3 + 34*k**2 - 13*k - 13. Let l(u) = u**2 - 19*u + 24. Let r be l(19). Suppose -3*q + 27 = -r. Is m(q) a composite number?
False
Let s be (-1212)/21 - 8/28. Let i be -4 + 1210*s/(-4). Suppose i = 4*p + 5*p. Is p prime?
True
Suppose -2*g = 4*f + 16, -5*f - 11 = 2*g + 10. Suppose 2374 = a - 2*b, -4*a + 0*a = -g*b - 9496. Suppose 2230 + a = 4*o. Is o composite?
False
Let k be 0/2 + 15/(-3). Let z(a) = 